hat are the prime factors of 937635305?
5, 277, 676993
What are the prime factors of 8921396?
2, 11, 17, 11927
What are the prime factors of 77089610?
2, 5, 13, 733, 809
What are the prime factors of 539700728?
2, 7, 9637513
What are the prime factors of 414534690?
2, 3, 5, 509, 9049
What are the prime factors of 47057660?
2, 5, 13, 241, 751
List the prime factors of 5792860559.
65111, 88969
List the prime factors of 4858360145.
5, 31, 107, 457, 641
What are the prime factors of 53193402?
2, 3, 985063
What are the prime factors of 67188773?
23, 137, 21323
List the prime factors of 47007037.
7, 11, 103, 5927
List the prime factors of 153674422.
2, 11, 29, 240869
List the prime factors of 253593405.
3, 5, 13, 41, 97, 109
List the prime factors of 244245658.
2, 37, 113, 29209
List the prime factors of 3256758788.
2, 814189697
List the prime factors of 196597636.
2, 19, 2586811
What are the prime factors of 658071037?
13, 17, 2977697
What are the prime factors of 2096929620?
2, 3, 5, 59, 71, 103
List the prime factors of 119690491.
119690491
List the prime factors of 39299842.
2, 73, 269177
What are the prime factors of 26811580?
2, 5, 313, 4283
List the prime factors of 3644493838.
2, 59, 30885541
What are the prime factors of 35577496?
2, 47, 94621
List the prime factors of 40810636.
2, 53, 163, 1181
List the prime factors of 59818676.
2, 23, 43, 15121
List the prime factors of 28707182.
2, 7, 2050513
What are the prime factors of 856044741?
3, 17, 16785191
List the prime factors of 179959821.
3, 61, 479, 2053
List the prime factors of 950303149.
950303149
What are the prime factors of 155809152?
2, 3, 211, 641
List the prime factors of 313581977.
23, 89, 153191
What are the prime factors of 858161467?
19, 45166393
What are the prime factors of 61341365?
5, 12268273
What are the prime factors of 670634079?
3, 223544693
List the prime factors of 78624433.
67, 503, 2333
List the prime factors of 70411590.
2, 3, 5, 401, 1951
List the prime factors of 1503181417.
1503181417
List the prime factors of 7419257.
1327, 5591
List the prime factors of 34024536.
2, 3, 7, 13, 577
What are the prime factors of 120935179?
373, 324223
What are the prime factors of 3095059089?
3, 1031686363
What are the prime factors of 824098?
2, 11, 47, 797
What are the prime factors of 630218393?
7, 90031199
List the prime factors of 156961531.
3251, 48281
What are the prime factors of 69239720?
2, 5, 11, 157363
What are the prime factors of 578749623?
3, 1481, 130261
What are the prime factors of 315709453?
19, 109, 152443
List the prime factors of 1919665379.
1919665379
List the prime factors of 103322764.
2, 181, 142711
List the prime factors of 237724581.
3, 3517, 22531
List the prime factors of 1676770611.
3, 251, 2226787
What are the prime factors of 758794412?
2, 19, 73, 136769
List the prime factors of 507814492.
2, 37, 3431179
What are the prime factors of 298287352?
2, 11, 3389629
List the prime factors of 571751679.
3, 173, 1101641
List the prime factors of 2627252168.
2, 328406521
List the prime factors of 349500.
2, 3, 5, 233
List the prime factors of 84679617.
3, 11, 2566049
What are the prime factors of 62079491?
62079491
What are the prime factors of 522342410?
2, 5, 52234241
What are the prime factors of 1164917973?
3, 1193, 325487
List the prime factors of 710672829.
3, 1409, 168127
What are the prime factors of 4464451?
4464451
List the prime factors of 840083353.
31, 1433, 18911
List the prime factors of 122231005.
5, 13, 863, 2179
List the prime factors of 39742019.
43, 907, 1019
What are the prime factors of 6217513?
29, 7393
List the prime factors of 1361734754.
2, 37, 18401821
What are the prime factors of 1006208865?
3, 5, 181, 41179
What are the prime factors of 634708683?
3, 7, 113, 263
List the prime factors of 202507873.
202507873
What are the prime factors of 248002822?
2, 1567, 79133
List the prime factors of 8076085.
5, 193, 8369
List the prime factors of 123770568.
2, 3, 103, 50069
List the prime factors of 783052135.
5, 23, 6809149
List the prime factors of 1096997109.
3, 13, 499, 56369
What are the prime factors of 1070425063?
1070425063
List the prime factors of 214935224.
2, 7, 3838129
What are the prime factors of 95956424?
2, 1171, 10243
What are the prime factors of 107433504?
2, 3, 233, 1601
List the prime factors of 559374978.
2, 3, 131, 241, 2953
What are the prime factors of 1210345842?
2, 3, 53, 3806119
What are the prime factors of 46768738?
2, 449, 52081
What are the prime factors of 1286033341?
33851, 37991
What are the prime factors of 1729306071?
3, 19, 3370967
What are the prime factors of 73240630?
2, 5, 19, 269, 1433
List the prime factors of 370474845.
3, 5, 13, 79, 24049
List the prime factors of 73235696.
2, 4577231
What are the prime factors of 337922961?
3, 19, 37, 163, 983
List the prime factors of 163741802.
2, 7, 463, 25261
What are the prime factors of 256340795?
5, 257, 199487
What are the prime factors of 1868959661?
1868959661
List the prime factors of 774910.
2, 5, 77491
What are the prime factors of 1324871354?
2, 662435677
List the prime factors of 65649521.
7, 23, 173, 2357
What are the prime factors of 12692909?
151, 84059
List the prime factors of 1927254131.
11, 29, 6041549
List the prime factors of 5614981613.
12697, 442229
List the prime factors of 267395725.
5, 103, 103843
What are the prime factors of 2244834517?
83, 27046199
List the prime factors of 2037296501.
2037296501
What are the prime factors of 27914329?
1217, 22937
List the prime factors of 42371689.
42371689
What are the prime factors of 86883101?
29, 113, 26513
What are the prime factors of 55719002?
2, 73, 381637
What are the prime factors of 4825013256?
2, 3, 7, 73, 131143
List the prime factors of 74295580.
2, 5, 3714779
List the prime factors of 1343765805.
3, 5, 521, 171947
List the prime factors of 12218511.
3, 4072837
List the prime factors of 38373258.
2, 3, 7, 11, 83059
List the prime factors of 46709602.
2, 137, 170473
What are the prime factors of 2743662?
2, 3, 457277
List the prime factors of 801464837.
251, 3193087
List the prime factors of 1843095389.
1843095389
List the prime factors of 1561851703.
31, 1997, 25229
List the prime factors of 17032883.
7, 727, 3347
What are the prime factors of 459746368?
2, 17, 31, 43, 317
List the prime factors of 470705731.
470705731
What are the prime factors of 83284603?
3767, 22109
List the prime factors of 49900221.
3, 7, 792067
List the prime factors of 509319557.
79, 137, 47059
What are the prime factors of 717190612?
2, 107, 1675679
List the prime factors of 28399211.
821, 34591
What are the prime factors of 307238318?
2, 153619159
List the prime factors of 346842092.
2, 17, 5100619
List the prime factors of 2707489461.
3, 4127, 218681
List the prime factors of 59838394.
2, 7, 11, 337, 1153
What are the prime factors of 330234554?
2, 13, 17, 19, 39323
What are the prime factors of 519256046?
2, 43, 6037861
What are the prime factors of 409043149?
409043149
List the prime factors of 185198642.
2, 53, 401, 4357
List the prime factors of 7933908535.
5, 7, 23, 9855787
List the prime factors of 3512606341.
2383, 1474027
List the prime factors of 1277369967.
3, 113, 3768053
What are the prime factors of 18569369?
7, 13, 204059
List the prime factors of 96408062.
2, 1609, 29959
List the prime factors of 22749737.
23, 989119
What are the prime factors of 5735297138?
2, 2867648569
What are the prime factors of 1310757128?
2, 31, 71, 74441
List the prime factors of 1834372094.
2, 401, 2287247
List the prime factors of 1955256284.
2, 53, 9222907
What are the prime factors of 143596231?
143596231
What are the prime factors of 2428783256?
2, 23, 41, 321949
What are the prime factors of 1305634110?
2, 3, 5, 11, 1217, 3251
What are the prime factors of 5477320053?
3, 608591117
What are the prime factors of 3833533070?
2, 5, 383353307
What are the prime factors of 18129393?
3, 757, 887
List the prime factors of 359458678.
2, 4241, 42379
List the prime factors of 488618463.
3, 23, 7081427
List the prime factors of 367876666.
2, 183938333
List the prime factors of 248172820.
2, 5, 7, 239, 7417
What are the prime factors of 64806415?
5, 449, 28867
List the prime factors of 3361448736.
2, 3, 79, 14